)) + (73 - 68).
-40
Evaluate (9 - (-53 + 16)) + 4.
50
Evaluate -33 + (13 - 4 - -16) - (-1 - -65).
-72
What is 2 + 2 + -1 - (-1 - 3) - (864 + -786)?
-71
Evaluate -23 - (-9 - 23) - (-12 - -5).
16
(3 - 0 - 129) + -69 + -98 + 160
-133
Evaluate 9 - ((11 - 56) + (9 - -1) + 9).
35
Calculate 80 + -11 - (388 + -415).
96
What is the value of (2 + -3 - -3) + (22 - 35) + 74?
63
What is (722 - 792) + (79 - 0)?
9
What is (-5 + 4 + 0 - 10) + (-8 - -55)?
36
What is the value of 87 - (-8 + 14) - 38?
43
Calculate 18 + ((7 - (1 - 1)) + -20 - -8) + 11.
24
Calculate -1 + 30 - (4 + -13 + 18 - 12).
32
Calculate (-120 - -25) + 17 - (-1 - 17).
-60
Evaluate 22 - ((-24 - -156) + -129).
19
What is 1 + 1 + -1680 + 1655 + 6?
-17
(40 - (-3 - (13 - 66))) + 11
1
46 + -112 + -38 - -246
142
What is the value of 7 + -8 + (23 - (-7 + 16) - 1)?
12
What is the value of -4 + -1 + -9 - (13 + -20 + 24)?
-31
Evaluate (-84 - (-232 + 96)) + 5.
57
What is the value of -15 - ((16 - 39) + -24 + 4 + 4)?
24
Calculate -3 - -1 - -32 - (1317 - 1365).
78
What is (-42 - -43) + (-2 + 1 - (-7 + 6) - -32)?
33
What is the value of 67 + 1 + (3210 - 3365)?
-87
-113 - ((-80 - 204) + 117)
54
-33 + 2 - (-15 + 3 + -18 + 17 + 2)
-20
What is the value of -99 - (-49 + 34 - -11 - (21 - 3))?
-77
What is -77 - (-3 - 6 - (-6 + -4 + 68 + -59))?
-69
(30 - (63 - 97)) + -36
28
Evaluate (-2 - 29) + -19 + 47 + -8.
-11
What is (14 + -6 + -61 - -8) + 1?
-44
Calculate 169 + -118 - (-15 + 0) - (7 + 1 + -9).
67
What is the value of -8 + 2 - (-18 + 17) - -1 - -11?
7
Calculate -334 + 393 - (0 - -27).
32
Calculate -41 + 82 + -3 - (12 + 18).
8
What is 1 - 163 - (-2728 - -2698)?
-132
What is 23 + 2 + -225 + 113?
-87
What is -12 + (30 - 26) + 24 + 5?
21
What is the value of 52 - (30 + 25) - (1 - 11) - -14?
21
What is 84 + (-15 - 10) - (15 + 1)?
43
Calculate (-5 - (-12 + (4 - (22 + -18)))) + (29 - 1).
35
What is 0 - (31 - (25 - 29)) - -119?
84
8 + -44 + 42 + 14 + 14
34
What is -146 - (-19 - 85) - (3 - 13)?
-32
(-4 + 2 - -126) + 50 + -55 + 54 + -49
124
Calculate -69 + -3 - (-13 - 41).
-18
Evaluate -1 + -1 + -1 - (33 + 23 + -82 + -18).
41
What is 33 - (-30 + 37 - -20)?
6
What is the value of -18 + 14 - (0 - (-1 + 91)) - (-330 + 343)?
73
What is -51 + (7 + -64 - -117)?
9
What is the value of -6 + (7 - -13) + -19 - -53?
48
What is 0 + (-74 - -104) - (-1 - 1)?
32
Calculate (0 - (20 + -12)) + 61 + -3 + -4.
46
Evaluate -17 + -2 + (29 - -66) + 13 - -8.
97
What is 27 + (-50 - -26) + 35?
38
What is the value of -6 - (-8 - (-5 + 2)) - (223 + -237)?
13
Evaluate -52 + 1 - (-28 + -5 + -2 + 26).
-42
What is the value of 11 + -103 + 11 + (9 - 20) + 9 - -10?
-73
Evaluate -38 + 10 - (328 + -351).
-5
What is 2 + 5 + -5 + (20 - (17 + -7) - -39)?
51
What is the value of 8 - 7 - (-20 - (3 - (6 + 5)))?
13
What is the value of -14 - 4 - (-231 + 194)?
19
What is the value of 4 - (-8 + 14 + -2 + (3 - 6 - 0))?
3
What is 2 + -48 - (646 + -660)?
-32
What is the value of -50 - -1 - (2065 - 2096)?
-18
Evaluate (-17 + (2 - -9) - -18) + 41.
53
What is 54 + (-147 - 47 - -114)?
-26
What is -38 + (-34 - (118 - 41)) + 42?
-107
Evaluate 0 - 8 - -7 - 83 - (0 + -14 - -17).
-87
-29 - (15 + 1 + 585 + -576)
-54
Evaluate -5124 - -5145 - (0 - (0 + -2)).
19
Evaluate (-46 - -20 - -24) + 24 - -15.
37
What is the value of 10 - (-14 - (2 + (18 - 10 - 2))) - 7?
25
Evaluate 2 - (46 + -117 + 14).
59
Calculate (1 + -4 - (-96 - -91)) + (1 - (52 + -4)).
-45
What is 17 - (15 + 10 + (-16 - (9 + -10))) - 35?
-28
Evaluate -52 + -3 + -44 + -2 + 17.
-84
Evaluate (-20 - (9 + -29)) + (-37 - 56 - (-1 + 6)).
-98
Evaluate (-3 - (28 + -16 + -8)) + -19.
-26
Calculate 11 - 6 - (-7 + 9).
3
Calculate -7 + (-31 - (-57 + 13) - (-9 - (-5 - -2))).
12
What is the value of 38 + (24 - 41) + -70 + 62?
13
Calculate -126 + (-1244 - -1272 - (-19 - 1)).
-78
Calculate -7 + (7 + 43 - (-12 + 11) - 7).
37
What is the value of (-7 - -5) + -3 + 64 - (95 - 99)?
63
(2 + -1 - 43) + (1178 - 1137)
-1
Calculate -10 - (-42 - -33 - (5 + 1)).
5
Calculate -28 + (-18 - (-35 + -16)) + 11 + -2.
14
Calculate 67 + -71 + (-30 + -4 - -67).
29
Calculate -28 + 173 - 147 - (32 - -1).
-35
What is the value of -12 + (68 - -12) + 2 + -7 + 15 + -1?
77
Evaluate 1 - (-77 + 89) - -3.
-8
Calculate -4 - 20 - -5 - (-47 + 6) - 134.
-112
Calculate -187 + 194 + -26 + 1 - (-34 + 19).
-3
What is the value of -9 - 43 - (350 - 447)?
45
(-28 - -55) + -29 + -23 + -14 + 7
-32
What is -1 + (11 - (-17 - 2 - -21))?
8
Evaluate -539 + 521 + 1 + 58.
41
Calculate (7 + -29 - (-1 + 47)) + 21.
-47
Evaluate 31 - -1 - (32 - (49 - (27 - -1))).
21
What is the value of 196 + -94 + -103 + 78?
77
What is 15 + 27 + -18 + -33 - 9?
-18
What is 37 + -44 - (-79 + 26 + -14)?
60
What is the value of 23 - 45 - (1 + (-93 - -5))?
65
-19 - (16 - (12 + -2))
-25
Evaluate (18 - 21) + -15 + 10 + -18 + -1.
-27
Calculate 3 + 2 - (-12 - (77 + -27)).
67
Evaluate -12 + (-1 + 15 - (-23 - -11)) - (-28 - 13).
55
5 + 20 + -24 + 21 - (3 + -6 - 8)
33
What is the value of (-89 - (-4 - 0)) + (4 + 5 + -6 - 8)?
-90
What is the value of -8 - (102 + -53 - -10)?
-67
What is -101 + 100 + -40 + 115?
74
Evaluate (17 - 5) + -44 - (-83 - 28).
79
Evaluate 16 + (16 - (9 - (-13 - -7))).
17
Evaluate 3 - 0 - ((25 - 40 - (-41 + -2)) + -9).
-16
Calculate 8 - -27 - ((-13 - -1) + 611 + -620).
56
Calculate 3 - 13 - (100 + -106 + -3).
-1
What is -15 + -13 + 120 + -114?
-22
34 + -3 + (-10 - ((-66 - -79) + (-14 - 0)))
22
What is the value of 12 - (40 + -11 - -28 - 27)?
-18
1 - 60 - (46 - 43 - (21 - (1 - -7)))
-49
What is the value of -49 - (6 + (29 - 88))?
4
9 + (-24 - 2) + 52
35
Calculate 1 - ((1 + 2 - 0) + (-33 - -42) + -146).
135
What is (0 - -121) + 28177 + -28212?
86
What is the value of (2 - 2) + 11 - (-1232 + 1297)?
-54
Evaluate (1 - -90) + (-3510 - -3479).
60
(23 - 44) + 54 - 34
-1
Evaluate (75 - -4) + -16 + (24 - 11) + -14.
62
Calculate 30 + -53 + (22 - -9) + (8 - -1).
17
0 - ((-5 - (-2 - -2)) + -55 - (-6 - 2))
52
Evaluate 251 - 255 - (3 - (-1 + -4 + 56)).
44
What is the value of 87 - (-31 + 98 + -77 + -1 + 2)?
96
Evaluate -10 + (70 - 34 - (-22 + 7)) - 3.
38
Calculate (12 - (107 - 96 - (-5 - 2))) + 31.
25
What is 19 + (20 + -40 - 5) - (-59 + 0) - 2?
51
Calculate 8 - (60 + (20 - (10 - 2))) - (-3 + 7).
-68
-63 - (-19 - (1 + -46))
-89
What is the value of 47 + 37 + -28 + -67 - (56 - 1)?
-66
-77 + 4 + 35 + (-4 - -2 - 3)
-43
3 + -61 - (31 - 79)
-10
What is the value of -2 - (-818 + 812 + 0 + -25)?
29
What is -23 + (103 - 57 - -18)?
41
What is the value of 48 + -94 - (5 + -7 - -2) - -11?
-35
Calculate 28 + (6 - (20 - 14)) + (-4 - -2).
26
What is the value of -86 + 4 + (119 - 130 - (3 + -33))?
-63
What is -229 - -239 - (51 - 1 - -3) - 0?
-43
-29 + -1 + (-29 - -23) + 21
-15
What is the value of ((-18 - -25) + -4 - -17) + -36 + (9 - 1)?
-8
Calculate -121 + 42 + (-123 - -173).
-29
What is the value of -54 + (-36 - (-12 + -57))?
-21
What is the value of (39135 + -39124 - (1 + 0 - (-1 + 0))) + 38?
47
44 + 3 + -55 + 123
115
-14 - (-16 - (-39 - -18 - 29))
-48
Calculate (1 - (146 - (5 - 8))) + 639 + -631.
-140
What is the value of -25 - -7 - 7 - (1 + -10)?
-16
Evaluate -19 + -44 + 2 + 49.
-12
Calculate 1 + -34 + 21 + 20 + 2.
10
What is the value of (-24 + (6 - 93) - -70) + 1 + -12 + 0?
-52
What is the value of -3 + (-4 - 5 - (-33 - -59))?
-38
What is the value of -4 + -16 + (19 - 6) - (8 - -42)?
-57
Evaluate 5 + 66 - (-243 - -237 - (3 - -1)).
81
What is the value of 24 - (24 - (1 + (3 - 6 - -7)) - 10)?
15
Evaluate (410 - 412) + (27 - 1).
24
Calculate -2 + 0 + -1 + -1 + 5 + -7 + -36.
-42
What is 104 + (4 - (48 + 11))?
49
-12 - -10 - -13 - 8 - (-36 - (-5 + 2))
36
What is the value of -25 - (162 + -51 + -33)?
-103
Calculate (16 - 24) + 33 + -42 + (3 - -18) - 16.
-12
(60 - 37) + 12 + -43
-8
-106 - (79 - (198 - 45))
-32
What is the value of -1 + -7 + (-50 - (-128 - (70 - 49)))?
91
What is the value of 75 + (18 - ((52 - -32) + -41))?
50
Calculate -49 - (-177 + 9 - -94).
25
What is 74 - -7 - 108 - (1 - 1)?
-27
Calculate 4 - (75 - ((7 - (19 + -9) - 0) + 11)).
-63
Calculate (-49 - -38) + (7 - (-7 + -2 + (-7 - -9))).
3
What is (10 + -11 - -13) + (7 - 8) + 10?
21
Calculate 78 - (39 + (38 - 42)).
43
Evaluate -14 + (6 - -8) + -2 - 11.
-13
Evaluate 63 + 46 + -91 - (-4 - (-5 - -138)).
155
41 - (-55 - -137) - -41
0
25 + 1 - (192 - 141 - 36)
1